de 184392?
False
Is 99 a factor of 4301352?
True
Does 13 divide 6095737?
False
Is 8647 a multiple of 3?
False
Does 8 divide 100960?
True
Does 35 divide 103775?
True
Is 49 a factor of 26019?
True
Is 195 a factor of 194194?
False
Is 444038 a multiple of 23?
True
Is 5570 a multiple of 30?
False
Does 28 divide 59948?
True
Does 59 divide 475304?
True
Is 1172023 a multiple of 37?
False
Is 9097242 a multiple of 194?
True
Is 61471 a multiple of 20?
False
Is 3 a factor of 111587?
False
Is 85 a factor of 1975368?
False
Is 23893 a multiple of 542?
False
Does 71 divide 46718?
True
Does 19 divide 17987433?
True
Does 88 divide 260263?
False
Is 17277 a multiple of 13?
True
Does 20 divide 566380?
True
Is 142811 a multiple of 32?
False
Is 31 a factor of 373302?
True
Is 246994 a multiple of 103?
True
Is 38 a factor of 9929856?
True
Is 5358187 a multiple of 18?
False
Is 4831848 a multiple of 252?
True
Does 42 divide 172999?
False
Is 20 a factor of 102000?
True
Is 12732 even?
True
Is 49 a factor of 9457?
True
Is 6810730 a multiple of 163?
False
Is 517 a factor of 886?
False
Is 88 a factor of 52196?
False
Is 16 a factor of 117545?
False
Is 63221 even?
False
Is 246 a factor of 552277?
False
Is 13 a factor of 83?
False
Is 1721913 even?
False
Does 21 divide 9571654?
False
Is 233467 a multiple of 631?
False
Is 30 a factor of 2335035?
False
Does 9 divide 1058939?
False
Is 38 a factor of 101612?
True
Is 22 a factor of 3252723?
False
Is 527076 a multiple of 66?
True
Is 1394 a factor of 4833169?
False
Is 44 a factor of 5087060?
True
Does 584 divide 972360?
True
Does 134 divide 472752?
True
Does 238 divide 262159?
False
Does 6 divide 1679774?
False
Is 206118 a multiple of 50?
False
Is 15 a factor of 222295?
False
Is 885 a factor of 961110?
True
Is 11394772 a multiple of 47?
False
Is 49 a factor of 1330350?
True
Does 491 divide 1095421?
True
Does 112 divide 13946?
False
Does 104 divide 1694311?
False
Is 1561034 a multiple of 73?
False
Is 479 a factor of 4475297?
True
Does 249 divide 2821236?
False
Is 895277 a multiple of 8?
False
Does 201 divide 3144918?
False
Is 2308171 a multiple of 34?
False
Is 337896 a multiple of 104?
True
Is 20 a factor of 361148?
False
Is 311 a factor of 2815557?
False
Does 46 divide 15373246?
True
Is 540 a factor of 5177969?
False
Is 57 a factor of 1024402?
False
Is 14195 a multiple of 12?
False
Does 10 divide 1945172?
False
Does 4 divide 5393?
False
Is 617463 a multiple of 121?
True
Does 192 divide 50496?
True
Is 45 a factor of 1038909?
False
Is 790345 a multiple of 1520?
False
Does 44 divide 32456?
False
Does 428 divide 1151748?
True
Does 33 divide 1149060?
True
Is 18650 a multiple of 50?
True
Does 25 divide 338131?
False
Is 55185 a multiple of 61?
False
Is 16940 a multiple of 17?
False
Does 2 divide 503118?
True
Does 9 divide 124495?
False
Is 31 a factor of 2983781?
True
Is 34 a factor of 9912360?
True
Is 25 a factor of 265275?
True
Is 271572 a multiple of 318?
True
Is 63622 a multiple of 5?
False
Does 10 divide 125938?
False
Is 3 a factor of 9651792?
True
Does 13 divide 3785470?
True
Is 13 a factor of 15309034?
True
Does 192 divide 201371?
False
Is 141 a factor of 152280?
True
Is 1030440 a multiple of 154?
False
Does 96 divide 400336?
False
Is 372082 a multiple of 383?
False
Is 15 a factor of 442875?
True
Does 115 divide 74060?
True
Is 121393 a multiple of 100?
False
Is 8043448 a multiple of 1207?
True
Does 60 divide 11011105?
False
Is 25 a factor of 118866?
False
Does 7 divide 3650717?
True
Is 10 a factor of 3235419?
False
Is 3 a factor of 497125?
False
Is 409892 a multiple of 28?
True
Is 19 a factor of 14478133?
True
Is 35 a factor of 33425?
True
Is 1112963 a multiple of 19?
True
Is 547694 a multiple of 38?
True
Does 20 divide 63040?
True
Does 35 divide 1811600?
True
Does 3 divide 455488?
False
Is 49 a factor of 5384701?
False
Does 22 divide 198374?
True
Does 2382 divide 27364416?
True
Is 5 a factor of 245550?
True
Is 988230 a multiple of 10?
True
Is 8 a factor of 67918?
False
Is 629664 a multiple of 28?
True
Is 1442400 a multiple of 80?
True
Is 33903 a multiple of 505?
False
Is 676350 a multiple of 167?
True
Is 1957001 a multiple of 20?
False
Is 12 a factor of 182086?
False
Does 309 divide 31044927?
False
Does 124 divide 1529742?
False
Is 1742850 a multiple of 150?
True
Does 61 divide 150304?
True
Is 100 a factor of 450900?
True
Is 1440 a factor of 9230429?
False
Is 5714181 a multiple of 99?
True
Is 4 a factor of 5275?
False
Is 102176 a multiple of 62?
True
Is 513336 a multiple of 4?
True
Is 4399384 a multiple of 11?
True
Is 34 a factor of 255995?
False
Is 16833011 a multiple of 527?
False
Is 40 a factor of 48000?
True
Does 1332 divide 5412385?
False
Is 165976 a multiple of 123?
False
Does 38 divide 865672?
False
Is 105755 a multiple of 55?
False
Is 39 a factor of 619722?
False
Is 8200448 a multiple of 12?
False
Is 98 a factor of 5609226?
True
Does 18 divide 15804?
True
Is 910 a factor of 943670?
True
Does 38 divide 27213776?
True
Is 3085027 a multiple of 31?
True
Is 65952 a multiple of 96?
True
Does 14 divide 3523996?
True
Does 162 divide 1355712?
False
Is 375122 a multiple of 233?
False
Does 110 divide 191400?
True
Does 13 divide 293436?
True
Does 94 divide 904218?
False
Does 8 divide 424568?
True
Does 61 divide 5956589?
True
Is 475031 a multiple of 12?
False
Is 202371 a multiple of 13?
True
Is 143463 a multiple of 87?
True
Is 983005 a multiple of 47?
True
Does 378 divide 549328?
False
Is 253 a factor of 535095?
True
Does 8 divide 171128?
True
Is 24845 a multiple of 27?
False
Does 8 divide 51706?
False
Is 158 a factor of 2309802?
True
Is 52 a factor of 691773?
False
Does 26 divide 711958?
True
Does 383 divide 179244?
True
Is 390679 a multiple of 48?
False
Is 7911181 a multiple of 47?
True
Is 12455 a multiple of 2?
False
Is 17 a factor of 920211?
False
Is 208721 a multiple of 416?
False
Is 7 a factor of 89579?
True
Does 37 divide 1633225?
False
Is 16 a factor of 43126?
False
Is 36414063 a multiple of 189?
True
Is 3941236 a multiple of 110?
False
Is 229 a factor of 1815512?
True
Is 141267 a multiple of 651?
True
Does 15 divide 5882232?
False
Is 5739160 a multiple of 796?
True
Does 163 divide 2502865?
True
Is 8 a factor of 2718704?
True
Does 37 divide 1727863?
True
Does 51 divide 403716?
True
Is 2124086 a multiple of 27?
False
Does 62 divide 1094424?
True
Is 24 a factor of 357475?
False
Does 11 divide 1040337?
False
Is 193 a factor of 885870?
True
Does 7 divide 1670570?
False
Is 295 a factor of 349539?
False
Is 12836716 a multiple of 146?
False
Is 35 a factor of 681388?
False
Is 83850 a multiple of 78?
True
Is 15422 a multiple of 11?
True
Does 42 divide 210000?
True
Is 14240700 a multiple of 300?
True
Is 59640 a multiple of 42?
True
Is 7 a factor of 8926260?
True
Does 10 divide 13136588?
False
Is 173 a factor of 258931?
False
Does 126 divide 163560?
False
Does 83 divide 608009?
False
Does 1328 divide 10416471?
False
Is 3855121 a multiple of 9?
False
Does 229 divide 2288814?
False
Is 316880 a multiple of 170?
True
Is 1385640 a multiple of 360?
True
Is 796 a factor of 111610?
False
Is 213009 a multiple of 37?
True
Is 5 a factor of 471287?
False
Is 19 a factor of 101462?
False
Does 6 divide 40876?
False
Does 33 divide 339240?
True
Does 33 divide 148533?
True
Does 13 divide 1661218?
True
Is 4863472 a multiple of 172?
True
Does 440 divide 1100440?
True
Does 18 divide 83718?
True
Is 3737629 a multiple of 18?
False
Is 64 a factor of 5700499?
False
Is 3219984 a multiple of 18?
True
Does 145 divide 77350?
False
Is 532 a factor of 690004?
True
Is 232 a factor of 213192?
False
Does 63 divide 5438601?
True
Is 167562 a multiple of 522?
True
Does 29 divide 218898?
False
Is 185 a factor of 189995?
True
Is 23019458 a multiple of 161?
True
Does 335 divide 97426?
False
Is 75756 a multiple of 118?
True
Does 36 divide 5662332?
True
Does 8 divide 1975?
False
Does 20 divide 11682180?
True
Does 1845 divide 7533135?
True
Does 560 divide 584240?
False
Does 492 divide 763217?
False
Does 60 divide 378120?
True
Is 3411 a multiple of 2?
False
Is 31 a factor of 330677?
True
Is 200915 a multiple of 55?
True
Is 358 a factor of 5728?
True
Does 16 divide 3239456?
True
Is 4251 a multiple of 15?
False
Is 6 a factor of 32286?
True
Is 2 a factor of 288?
True
Does 34 divide 51